{"id":2190,"date":"2024-08-27T22:56:32","date_gmt":"2024-08-27T19:56:32","guid":{"rendered":"http:\/\/yenisite.displaymarketi.com\/?page_id=2190"},"modified":"2024-08-27T22:57:30","modified_gmt":"2024-08-27T19:57:30","slug":"iade-kosullari","status":"publish","type":"page","link":"https:\/\/displaymarketi.com\/index.php\/iade-kosullari\/","title":{"rendered":"\u0130ade Ko\u015fullar\u0131"},"content":{"rendered":"\t\t<div data-elementor-type=\"wp-page\" data-elementor-id=\"2190\" class=\"elementor elementor-2190\">\n\t\t\t\t<div class=\"wd-negative-gap elementor-element elementor-element-d43f4f8 e-flex e-con-boxed e-con e-parent\" data-id=\"d43f4f8\" data-element_type=\"container\" data-e-type=\"container\">\n\t\t\t\t\t<div class=\"e-con-inner\">\n\t\t\t\t<div class=\"elementor-element elementor-element-6fb398d elementor-widget elementor-widget-wd_text_block\" data-id=\"6fb398d\" data-element_type=\"widget\" data-e-type=\"widget\" data-widget_type=\"wd_text_block.default\">\n\t\t\t\t<div class=\"elementor-widget-container\">\n\t\t\t\t\t\t\t<div class=\"wd-text-block reset-last-child text-left\">\n\t\t\t\n\t\t\t<p>www.displaymarketi.com\u2019 dan sat\u0131n ald\u0131\u011f\u0131n\u0131z malzemeleri, kargodan teslim ald\u0131\u011f\u0131n\u0131z g\u00fcnden itibaren 14 g\u00fcn i\u00e7erisinde iade ko\u015fullar\u0131 dahilinde iade talebinde bulunabilirsiniz. Ba\u015fvuruda bulunmadan g\u00f6nderilen iadeler kabul edilmeyecek ve taraf\u0131n\u0131za geri g\u00f6nderilecektir.<\/p><p>Malzemelerin cayma hakk\u0131 dahilinde iade kabul edilebilmesi i\u00e7in malzemelerin ambalaj\u0131na zarar gelmemi\u015f olmas\u0131, faturas\u0131n\u0131n ve t\u00fcm tamamlay\u0131c\u0131 unsurlar\u0131n\u0131n, varsa hediye veya promosyonlu kampanyal\u0131 \u00fcr\u00fcnler ile birlikte eksiksiz ve hasars\u0131z olarak geri g\u00f6nderilmesi gerekmektedir, eksik bulunan iadeler kabul edilmeyecektir.<\/p><p><strong>Cayma Hakk\u0131n\u0131n Ge\u00e7erli Olmad\u0131\u011f\u0131 Durumlar;<\/strong><\/p><p>\u2013 \u0130ade ko\u015fullar\u0131nda belirtilen s\u00fcrenin a\u015f\u0131lmas\u0131,<\/p><p>\u2013 Kargo ile ta\u015f\u0131ma s\u0131ras\u0131nda meydana gelebilecek ezilmeler sonucu hasarl\u0131 malzemeler,<\/p><p>\u2013 Fiyat\u0131 borsa veya te\u015fkilatlanm\u0131\u015f di\u011fer piyasalarda belirlenen \u00fcr\u00fcnler,<\/p><p>www.displaymarketi.com \u00fczerinden sipari\u015f verdi\u011finiz taktirde size sunulan \u00f6n bilgilendirme ve mesafeli sat\u0131\u015f s\u00f6zle\u015fmesini kabul etmi\u015f say\u0131l\u0131rs\u0131n\u0131z.<\/p>\n\t\t\t\t\t<\/div>\n\t\t\t\t\t\t<\/div>\n\t\t\t\t<\/div>\n\t\t\t\t\t<\/div>\n\t\t\t\t<\/div>\n\t\t\t\t<\/div>\n\t\t","protected":false},"excerpt":{"rendered":"<p>www.displaymarketi.com\u2019 dan sat\u0131n ald\u0131\u011f\u0131n\u0131z malzemeleri, kargodan teslim ald\u0131\u011f\u0131n\u0131z g\u00fcnden itibaren 14 g\u00fcn i\u00e7erisinde iade ko\u015fullar\u0131 dahilinde iade talebinde bulunabilirsiniz. Ba\u015fvuruda<\/p>\n","protected":false},"author":1,"featured_media":0,"parent":0,"menu_order":0,"comment_status":"closed","ping_status":"closed","template":"","meta":{"footnotes":""},"class_list":["post-2190","page","type-page","status-publish","hentry"],"_links":{"self":[{"href":"https:\/\/displaymarketi.com\/index.php\/wp-json\/wp\/v2\/pages\/2190","targetHints":{"allow":["GET"]}}],"collection":[{"href":"https:\/\/displaymarketi.com\/index.php\/wp-json\/wp\/v2\/pages"}],"about":[{"href":"https:\/\/displaymarketi.com\/index.php\/wp-json\/wp\/v2\/types\/page"}],"author":[{"embeddable":true,"href":"https:\/\/displaymarketi.com\/index.php\/wp-json\/wp\/v2\/users\/1"}],"replies":[{"embeddable":true,"href":"https:\/\/displaymarketi.com\/index.php\/wp-json\/wp\/v2\/comments?post=2190"}],"version-history":[{"count":4,"href":"https:\/\/displaymarketi.com\/index.php\/wp-json\/wp\/v2\/pages\/2190\/revisions"}],"predecessor-version":[{"id":2195,"href":"https:\/\/displaymarketi.com\/index.php\/wp-json\/wp\/v2\/pages\/2190\/revisions\/2195"}],"wp:attachment":[{"href":"https:\/\/displaymarketi.com\/index.php\/wp-json\/wp\/v2\/media?parent=2190"}],"curies":[{"name":"wp","href":"https:\/\/api.w.org\/{rel}","templated":true}]}}