{"id":1957,"date":"2024-08-27T20:52:52","date_gmt":"2024-08-27T17:52:52","guid":{"rendered":"http:\/\/yenisite.displaymarketi.com\/?post_type=product&#038;p=1957"},"modified":"2025-09-22T14:01:50","modified_gmt":"2025-09-22T11:01:50","slug":"ayakli-25mm-poster-pano-cift-tarafli-60x85","status":"publish","type":"product","link":"https:\/\/displaymarketi.com\/index.php\/urun\/ayakli-25mm-poster-pano-cift-tarafli-60x85\/","title":{"rendered":"Ayakl\u0131 25mm Poster Pano \u00c7ift Tarafl\u0131 60&#215;85"},"content":{"rendered":"<p>*25mm profilden \u00fcretilen rondo k\u00f6\u015feli a\u00e7\u0131l\u0131r-kapan\u0131r \u00e7er\u00e7evelidir.<br \/>\n*\u0130ste\u011fe g\u00f6re alt k\u0131sm\u0131na akrilik bro\u015f\u00fcr raf\u0131 ilave edilebilir.<br \/>\n*Tek tarafl\u0131 ve \u00e7if tarafl\u0131 olarak \u00fcretilebilir.<\/p>\n","protected":false},"excerpt":{"rendered":"<p>*25mm profilden \u00fcretilen rondo k\u00f6\u015feli a\u00e7\u0131l\u0131r-kapan\u0131r \u00e7er\u00e7evelidir. *\u0130ste\u011fe g\u00f6re alt k\u0131sm\u0131na akrilik bro\u015f\u00fcr raf\u0131 ilave edilebilir. *Tek tarafl\u0131 ve \u00e7if<\/p>\n","protected":false},"featured_media":1695,"template":"","meta":[],"product_brand":[],"product_cat":[72,71],"product_tag":[248],"class_list":{"0":"post-1957","1":"product","2":"type-product","3":"status-publish","4":"has-post-thumbnail","6":"product_cat-ayakli-poster-pano","7":"product_cat-display-sistemler","8":"product_tag-ayakli-poster-pano-60x85-cift-tarafli","10":"first","11":"instock","12":"shipping-taxable","13":"product-type-simple"},"_links":{"self":[{"href":"https:\/\/displaymarketi.com\/index.php\/wp-json\/wp\/v2\/product\/1957","targetHints":{"allow":["GET"]}}],"collection":[{"href":"https:\/\/displaymarketi.com\/index.php\/wp-json\/wp\/v2\/product"}],"about":[{"href":"https:\/\/displaymarketi.com\/index.php\/wp-json\/wp\/v2\/types\/product"}],"version-history":[{"count":1,"href":"https:\/\/displaymarketi.com\/index.php\/wp-json\/wp\/v2\/product\/1957\/revisions"}],"predecessor-version":[{"id":1985,"href":"https:\/\/displaymarketi.com\/index.php\/wp-json\/wp\/v2\/product\/1957\/revisions\/1985"}],"wp:featuredmedia":[{"embeddable":true,"href":"https:\/\/displaymarketi.com\/index.php\/wp-json\/wp\/v2\/media\/1695"}],"wp:attachment":[{"href":"https:\/\/displaymarketi.com\/index.php\/wp-json\/wp\/v2\/media?parent=1957"}],"wp:term":[{"taxonomy":"product_brand","embeddable":true,"href":"https:\/\/displaymarketi.com\/index.php\/wp-json\/wp\/v2\/product_brand?post=1957"},{"taxonomy":"product_cat","embeddable":true,"href":"https:\/\/displaymarketi.com\/index.php\/wp-json\/wp\/v2\/product_cat?post=1957"},{"taxonomy":"product_tag","embeddable":true,"href":"https:\/\/displaymarketi.com\/index.php\/wp-json\/wp\/v2\/product_tag?post=1957"}],"curies":[{"name":"wp","href":"https:\/\/api.w.org\/{rel}","templated":true}]}}